
What is the remainder when 125 is divided by 34?
23
Calculate the remainder when 675 is divided by 26.
25
What is the remainder when 19 is divided by 16?
3
Calculate the remainder when 44 is divided by 2.
0
What is the remainder when 61 is divided by 10?
1
What is the remainder when 440 is divided by 12?
8
What is the remainder when 464 is divided by 19?
8
Calculate the remainder when 91 is divided by 72.
19
What is the remainder when 485 is divided by 18?
17
What is the remainder when 47 is divided by 33?
14
Calculate the remainder when 135 is divided by 6.
3
What is the remainder when 4246 is divided by 2117?
12
Calculate the remainder when 346 is divided by 21.
10
What is the remainder when 2000 is divided by 17?
11
Calculate the remainder when 173 is divided by 25.
23
Calculate the remainder when 1958 is divided by 122.
6
What is the remainder when 840 is divided by 18?
12
What is the remainder when 206 is divided by 6?
2
Calculate the remainder when 46069 is divided by 34.
33
Calculate the remainder when 88 is divided by 13.
10
What is the remainder when 105 is divided by 31?
12
Calculate the remainder when 1769 is divided by 439.
13
What is the remainder when 1560 is divided by 32?
24
What is the remainder when 277 is divided by 57?
49
Calculate the remainder when 3687 is divided by 17.
15
Calculate the remainder when 127 is divided by 49.
29
Calculate the remainder when 68 is divided by 40.
28
What is the remainder when 559 is divided by 39?
13
Calculate the remainder when 433 is divided by 177.
79
Calculate the remainder when 125 is divided by 116.
9
What is the remainder when 147 is divided by 12?
3
Calculate the remainder when 1016 is divided by 9.
8
What is the remainder when 352 is divided by 173?
6
What is the remainder when 541 is divided by 151?
88
Calculate the remainder when 5149 is divided by 23.
20
What is the remainder when 323 is divided by 83?
74
Calculate the remainder when 1601 is divided by 306.
71
Calculate the remainder when 396 is divided by 34.
22
What is the remainder when 109 is divided by 20?
9
Calculate the remainder when 524 is divided by 12.
8
Calculate the remainder when 477 is divided by 37.
33
Calculate the remainder when 242 is divided by 98.
46
What is the remainder when 99 is divided by 61?
38
Calculate the remainder when 286 is divided by 24.
22
Calculate the remainder when 3370 is divided by 130.
120
Calculate the remainder when 87 is divided by 27.
6
What is the remainder when 676 is divided by 167?
8
Calculate the remainder when 95 is divided by 55.
40
What is the remainder when 1085 is divided by 220?
205
Calculate the remainder when 127 is divided by 3.
1
What is the remainder when 4030 is divided by 28?
26
Calculate the remainder when 23 is divided by 23.
0
What is the remainder when 198 is divided by 101?
97
Calculate the remainder when 27 is divided by 3.
0
Calculate the remainder when 1076 is divided by 23.
18
Calculate the remainder when 256 is divided by 63.
4
What is the remainder when 375 is divided by 45?
15
What is the remainder when 97 is divided by 22?
9
What is the remainder when 296 is divided by 130?
36
Calculate the remainder when 4096 is divided by 10.
6
What is the remainder when 144 is divided by 136?
8
Calculate the remainder when 1565 is divided by 515.
20
What is the remainder when 1095 is divided by 272?
7
Calculate the remainder when 221 is divided by 147.
74
Calculate the remainder when 494 is divided by 240.
14
What is the remainder when 226 is divided by 17?
5
What is the remainder when 264 is divided by 56?
40
What is the remainder when 1207 is divided by 275?
107
What is the remainder when 539 is divided by 20?
19
Calculate the remainder when 668 is divided by 168.
164
Calculate the remainder when 52 is divided by 14.
10
What is the remainder when 112 is divided by 10?
2
Calculate the remainder when 264 is divided by 16.
8
Calculate the remainder when 2157 is divided by 18.
15
Calculate the remainder when 1361 is divided by 41.
8
Calculate the remainder when 1273 is divided by 421.
10
What is the remainder when 1495 is divided by 14?
11
What is the remainder when 89 is divided by 6?
5
What is the remainder when 13222 is divided by 57?
55
Calculate the remainder when 1822 is divided by 19.
17
Calculate the remainder when 294 is divided by 96.
6
What is the remainder when 114 is divided by 31?
21
Calculate the remainder when 136 is divided by 6.
4
Calculate the remainder when 14340 is divided by 21.
18
Calculate the remainder when 305 is divided by 17.
16
What is the remainder when 521 is divided by 17?
11
What is the remainder when 57 is divided by 33?
24
What is the remainder when 506 is divided by 24?
2
Calculate the remainder when 4850 is divided by 2422.
6
Calculate the remainder when 845 is divided by 29.
4
What is the remainder when 203 is divided by 35?
28
Calculate the remainder when 241 is divided by 36.
25
What is the remainder when 363 is divided by 8?
3
Calculate the remainder when 1354 is divided by 676.
2
Calculate the remainder when 273 is divided by 136.
1
Calculate the remainder when 1438 is divided by 17.
10
Calculate the remainder when 789 is divided by 274.
241
Calculate the remainder when 332 is divided by 68.
60
Calculate the remainder when 197 is divided by 22.
21
Calculate the remainder when 125 is divided by 27.
17
Calculate the remainder when 8966 is divided by 26.
22
What is the remainder when 22 is divided by 6?
4
What is the remainder when 167 is divided by 52?
11
What is the remainder when 1490 is divided by 18?
14
What is the remainder when 71 is divided by 10?
1
Calculate the remainder when 448 is divided by 45.
43
Calculate the remainder when 9267 is divided by 26.
11
What is the remainder when 190 is divided by 17?
3
What is the remainder when 131 is divided by 67?
64
Calculate the remainder when 2637 is divided by 189.
180
Calculate the remainder when 197 is divided by 24.
5
What is the remainder when 2700 is divided by 300?
0
What is the remainder when 156 is divided by 25?
6
What is the remainder when 1648 is divided by 50?
48
Calculate the remainder when 169 is divided by 87.
82
What is the remainder when 1289 is divided by 15?
14
Calculate the remainder when 70 is divided by 38.
32
What is the remainder when 75 is divided by 30?
15
What is the remainder when 849 is divided by 238?
135
What is the remainder when 2522 is divided by 109?
15
Calculate the remainder when 3486 is divided by 1160.
6
Calculate the remainder when 2177 is divided by 4.
1
What is the remainder when 1981 is divided by 69?
49
Calculate the remainder when 19502 is divided by 53.
51
What is the remainder when 412 is divided by 104?
100
Calculate the remainder when 88 is divided by 9.
7
What is the remainder when 317 is divided by 163?
154
What is the remainder when 670 is divided by 25?
20
Calculate the remainder when 1795 is divided by 590.
25
What is the remainder when 729 is divided by 229?
42
Calculate the remainder when 285 is divided by 73.
66
What is the remainder when 563 is divided by 76?
31
Calculate the remainder when 13206 is divided by 254.
252
What is the remainder when 615 is divided by 223?
169
What is the remainder when 825 is divided by 213?
186
What is the remainder when 2567 is divided by 172?
159
Calculate the remainder when 549 is divided by 50.
49
Calculate the remainder when 77 is divided by 23.
8
Calculate the remainder when 337 is divided by 69.
61
Calculate the remainder when 803 is divided by 37.
26
Calculate the remainder when 90 is divided by 17.
5
What is the remainder when 1364 is divided by 13?
12
What is the remainder when 236 is divided by 42?
26
What is the remainder when 405 is divided by 27?
0
Calculate the remainder when 770 is divided by 96.
2
Calculate the remainder when 1921 is divided by 42.
31
Calculate the remainder when 411 is divided by 398.
13
What is the remainder when 292 is divided by 7?
5
Calculate the remainder when 286 is divided by 268.
18
Calculate the remainder when 699 is divided by 30.
9
Calculate the remainder when 3521 is divided by 75.
71
Calculate the remainder when 568 is divided by 82.
76
Calculate the remainder when 1630 is divided by 71.
68
What is the remainder when 24 is divided by 6?
0
Wh